{"id":445,"date":"2024-07-16T07:55:32","date_gmt":"2024-07-16T05:55:32","guid":{"rendered":"https:\/\/inspect.com.ro\/?page_id=445"},"modified":"2024-07-16T11:23:49","modified_gmt":"2024-07-16T09:23:49","slug":"software-online-pentru-managementul-garantiilor-la-produsele-vandute","status":"publish","type":"page","link":"https:\/\/inspect.com.ro\/index.php\/software-online-pentru-managementul-garantiilor-la-produsele-vandute\/","title":{"rendered":"GARAN\u021aII"},"content":{"rendered":"\n<p><\/p>\n\n\n\n<p class=\"has-text-align-center\"><strong>Software ONLINE pentru managementul GARAN\u021aIILOR la produsele v\u00e2ndute<\/strong><\/p>\n\n\n\n<p>Aplica\u021bia gestioneaz\u0103 produsele v\u00e2ndute de dumneavoastr\u0103 \u0219i trimite sms-uri de avertizare expirare garan\u021bie \u0219i dac\u0103 este nevoie de prezentare la sediul firmei pentru verificare marft\u0103 \u00een vederea prelungirii perioadei de garan\u021bie.<\/p>\n\n\n\n<p><strong>\u00a0Abonament lunar de 100 lei inclusiv TVA.<\/strong><\/p>\n\n\n\n<p><\/p>\n\n\n<div class=\"wp-block-image\">\n<figure class=\"aligncenter size-full is-resized\"><a href=\"https:\/\/inspect.com.ro\/garantii\/login.php\" target=\"_blank\" rel=\"noreferrer noopener\"><img loading=\"lazy\" decoding=\"async\" width=\"709\" height=\"433\" src=\"https:\/\/inspect.com.ro\/wp-content\/uploads\/2024\/07\/garantii.png\" alt=\"\" class=\"wp-image-446\" style=\"width:371px;height:auto\" srcset=\"https:\/\/inspect.com.ro\/wp-content\/uploads\/2024\/07\/garantii.png 709w, https:\/\/inspect.com.ro\/wp-content\/uploads\/2024\/07\/garantii-300x183.png 300w, https:\/\/inspect.com.ro\/wp-content\/uploads\/2024\/07\/garantii-660x403.png 660w\" sizes=\"auto, (max-width: 709px) 100vw, 709px\" \/><\/a><\/figure>\n<\/div>","protected":false},"excerpt":{"rendered":"<p>Software ONLINE pentru managementul GARAN\u021aIILOR la produsele v\u00e2ndute Aplica\u021bia gestioneaz\u0103 produsele v\u00e2ndute de dumneavoastr\u0103 \u0219i trimite sms-uri de avertizare expirare garan\u021bie \u0219i dac\u0103 este nevoie de prezentare la sediul firmei pentru verificare marft\u0103 \u00een vederea prelungirii perioadei de garan\u021bie. \u00a0Abonament lunar de 100 lei inclusiv TVA.<\/p>\n","protected":false},"author":1,"featured_media":0,"parent":0,"menu_order":0,"comment_status":"closed","ping_status":"closed","template":"","meta":{"footnotes":""},"class_list":["post-445","page","type-page","status-publish","hentry"],"_links":{"self":[{"href":"https:\/\/inspect.com.ro\/index.php\/wp-json\/wp\/v2\/pages\/445","targetHints":{"allow":["GET"]}}],"collection":[{"href":"https:\/\/inspect.com.ro\/index.php\/wp-json\/wp\/v2\/pages"}],"about":[{"href":"https:\/\/inspect.com.ro\/index.php\/wp-json\/wp\/v2\/types\/page"}],"author":[{"embeddable":true,"href":"https:\/\/inspect.com.ro\/index.php\/wp-json\/wp\/v2\/users\/1"}],"replies":[{"embeddable":true,"href":"https:\/\/inspect.com.ro\/index.php\/wp-json\/wp\/v2\/comments?post=445"}],"version-history":[{"count":4,"href":"https:\/\/inspect.com.ro\/index.php\/wp-json\/wp\/v2\/pages\/445\/revisions"}],"predecessor-version":[{"id":452,"href":"https:\/\/inspect.com.ro\/index.php\/wp-json\/wp\/v2\/pages\/445\/revisions\/452"}],"wp:attachment":[{"href":"https:\/\/inspect.com.ro\/index.php\/wp-json\/wp\/v2\/media?parent=445"}],"curies":[{"name":"wp","href":"https:\/\/api.w.org\/{rel}","templated":true}]}}