{"id":439,"date":"2024-07-15T08:53:06","date_gmt":"2024-07-15T06:53:06","guid":{"rendered":"https:\/\/inspect.com.ro\/?page_id=439"},"modified":"2024-07-15T09:01:46","modified_gmt":"2024-07-15T07:01:46","slug":"auto-itp","status":"publish","type":"page","link":"https:\/\/inspect.com.ro\/index.php\/auto-itp\/","title":{"rendered":"AUTO ITP"},"content":{"rendered":"\n<p class=\"has-text-align-center\"><strong>Software (aplica\u021bie utilizat\u0103 \u0219i \u00een sistemul de alertare expirare garan\u021bii)<\/strong><\/p>\n\n\n\n<p>\u00cen vederea \u00eenlesnirii comunic\u0103rii rapide \u0219i automatizate prin intermediul mesajelor SMS, dorim a v\u0103 prezentam AUTO ITP Software \u2013 o solu\u021bie simpl\u0103, la un pre\u021b avantajos.<br>Interfa\u021ba web foarte u\u0219or de folosit, asigur\u0103 toate facilit\u0103\u021bile necesare pentru administrarea \u0219i lansarea de pe calculatorul propriu, telefon sau tablet\u0103 a mesajelor de informare a expir\u0103rii INSPEC\u021aIEI TEHNICE PERIODICE prin SMS.<\/p>\n\n\n<div class=\"wp-block-image\">\n<figure class=\"aligncenter size-full is-resized\"><a href=\"https:\/\/inspect.com.ro\/itp\/login.php\" target=\"_blank\" rel=\"noreferrer noopener\"><img loading=\"lazy\" decoding=\"async\" width=\"709\" height=\"433\" src=\"https:\/\/inspect.com.ro\/wp-content\/uploads\/2024\/07\/itp.png\" alt=\"\" class=\"wp-image-440\" style=\"width:362px;height:auto\" srcset=\"https:\/\/inspect.com.ro\/wp-content\/uploads\/2024\/07\/itp.png 709w, https:\/\/inspect.com.ro\/wp-content\/uploads\/2024\/07\/itp-300x183.png 300w, https:\/\/inspect.com.ro\/wp-content\/uploads\/2024\/07\/itp-660x403.png 660w\" sizes=\"auto, (max-width: 709px) 100vw, 709px\" \/><\/a><\/figure>\n<\/div>\n\n\n<h3 class=\"wp-block-heading\">\u00a0Abonament lunar de 100 lei inclusiv TVA.<\/h3>\n\n\n\n<p>Sistemul permite \u00eenregistrarea datei de \u00eenceput a ITP-ului \u00eempreun\u0103 cu num\u0103rul de \u00eenmatriculare auto \u0219i a num\u0103rului de telefon pe care se prime\u0219te avertizarea. Aceast\u0103 platform\u0103 a fost construit\u0103 pentru a folosi la maxim avantajele oferite de comunicarea prin SMS.<br>S-a avut \u00een vedere at\u00e2t flexibilitatea solu\u021biei, c\u00e2t \u0219i posibilitatea de a personaliza aceast\u0103 platform\u0103 \u00een func\u021bie de nevoile clientului.<br>Fa\u021b\u0103 de alte solu\u021bii existente pe pia\u021b\u0103, aceast\u0103 platform\u0103 poate fi apelat\u0103 din orice browser de internet, fie cu ajutorul computerului a telefonului sau a tabletei.<\/p>\n","protected":false},"excerpt":{"rendered":"<p>Software (aplica\u021bie utilizat\u0103 \u0219i \u00een sistemul de alertare expirare garan\u021bii) \u00cen vederea \u00eenlesnirii comunic\u0103rii rapide \u0219i automatizate prin intermediul mesajelor SMS, dorim a v\u0103 prezentam AUTO ITP Software \u2013 o solu\u021bie simpl\u0103, la un pre\u021b avantajos.Interfa\u021ba web foarte u\u0219or de folosit, asigur\u0103 toate facilit\u0103\u021bile necesare pentru administrarea \u0219i lansarea de pe calculatorul propriu, telefon sau\u2026 <span class=\"read-more\"><a href=\"https:\/\/inspect.com.ro\/index.php\/auto-itp\/\">Cite\u0219te mai mult &raquo;<\/a><\/span><\/p>\n","protected":false},"author":1,"featured_media":0,"parent":0,"menu_order":0,"comment_status":"closed","ping_status":"closed","template":"","meta":{"footnotes":""},"class_list":["post-439","page","type-page","status-publish","hentry"],"_links":{"self":[{"href":"https:\/\/inspect.com.ro\/index.php\/wp-json\/wp\/v2\/pages\/439","targetHints":{"allow":["GET"]}}],"collection":[{"href":"https:\/\/inspect.com.ro\/index.php\/wp-json\/wp\/v2\/pages"}],"about":[{"href":"https:\/\/inspect.com.ro\/index.php\/wp-json\/wp\/v2\/types\/page"}],"author":[{"embeddable":true,"href":"https:\/\/inspect.com.ro\/index.php\/wp-json\/wp\/v2\/users\/1"}],"replies":[{"embeddable":true,"href":"https:\/\/inspect.com.ro\/index.php\/wp-json\/wp\/v2\/comments?post=439"}],"version-history":[{"count":3,"href":"https:\/\/inspect.com.ro\/index.php\/wp-json\/wp\/v2\/pages\/439\/revisions"}],"predecessor-version":[{"id":444,"href":"https:\/\/inspect.com.ro\/index.php\/wp-json\/wp\/v2\/pages\/439\/revisions\/444"}],"wp:attachment":[{"href":"https:\/\/inspect.com.ro\/index.php\/wp-json\/wp\/v2\/media?parent=439"}],"curies":[{"name":"wp","href":"https:\/\/api.w.org\/{rel}","templated":true}]}}